{"id":228,"date":"2025-07-24T15:25:35","date_gmt":"2025-07-24T18:25:35","guid":{"rendered":"https:\/\/oiweb4.com\/pnd-2473\/?page_id=228"},"modified":"2025-08-01T18:48:38","modified_gmt":"2025-08-01T21:48:38","slug":"materiais-extrudaveis","status":"publish","type":"page","link":"https:\/\/oiweb4.com\/pnd-2473\/materiais-extrudaveis\/","title":{"rendered":"materiais extrudaveis"},"content":{"rendered":"\t\t<div data-elementor-type=\"wp-page\" data-elementor-id=\"228\" class=\"elementor elementor-228\" data-elementor-post-type=\"page\">\n\t\t\t\t<div class=\"elementor-element elementor-element-ecf4ddf e-con-full e-flex e-con e-parent\" data-id=\"ecf4ddf\" data-element_type=\"container\" data-settings=\"{&quot;background_background&quot;:&quot;classic&quot;}\">\n\t\t\t\t<div class=\"elementor-element elementor-element-2368227 elementor-widget elementor-widget-heading\" data-id=\"2368227\" data-element_type=\"widget\" data-widget_type=\"heading.default\">\n\t\t\t\t\t<h2 class=\"elementor-heading-title elementor-size-default\">Materiais Extrud\u00e1veis<\/h2>\t\t\t\t<\/div>\n\t\t\t\t<div class=\"elementor-element elementor-element-205d0820 elementor-widget-divider--view-line elementor-widget elementor-widget-divider\" data-id=\"205d0820\" data-element_type=\"widget\" data-widget_type=\"divider.default\">\n\t\t\t\t\t\t\t<div class=\"elementor-divider\">\n\t\t\t<span class=\"elementor-divider-separator\">\n\t\t\t\t\t\t<\/span>\n\t\t<\/div>\n\t\t\t\t\t\t<\/div>\n\t\t\t\t<\/div>\n\t\t<div class=\"elementor-element elementor-element-36d8a392 e-flex e-con-boxed e-con e-child\" data-id=\"36d8a392\" data-element_type=\"container\" data-settings=\"{&quot;background_background&quot;:&quot;classic&quot;}\">\n\t\t\t\t\t<div class=\"e-con-inner\">\n\t\t\t\t<div class=\"elementor-element elementor-element-1518aa27 elementor-widget elementor-widget-heading\" data-id=\"1518aa27\" data-element_type=\"widget\" data-widget_type=\"heading.default\">\n\t\t\t\t\t<h2 class=\"elementor-heading-title elementor-size-default\">Finos de carv\u00e3o pirolisado de v\u00e1rias fontes<\/h2>\t\t\t\t<\/div>\n\t\t\t\t<div class=\"elementor-element elementor-element-4badb95c elementor-widget-divider--view-line elementor-widget elementor-widget-divider\" data-id=\"4badb95c\" data-element_type=\"widget\" data-widget_type=\"divider.default\">\n\t\t\t\t\t\t\t<div class=\"elementor-divider\">\n\t\t\t<span class=\"elementor-divider-separator\">\n\t\t\t\t\t\t<\/span>\n\t\t<\/div>\n\t\t\t\t\t\t<\/div>\n\t\t<div class=\"elementor-element elementor-element-3b8d46a e-con-full e-flex e-con e-child\" data-id=\"3b8d46a\" data-element_type=\"container\">\n\t\t<div class=\"elementor-element elementor-element-54940bdd e-grid e-con-full e-con e-child\" data-id=\"54940bdd\" data-element_type=\"container\">\n\t\t\t\t<div class=\"elementor-element elementor-element-1f077504 elementor-widget elementor-widget-text-editor\" data-id=\"1f077504\" data-element_type=\"widget\" data-widget_type=\"text-editor.default\">\n\t\t\t\t\t\t\t\t\t<p><span data-contrast=\"none\">Se a press\u00e3o de extrus\u00e3o for alta o suficiente, o uso de ligante n\u00e3o \u00e9 necess\u00e1rio. No entanto, isso nem sempre acontece.<\/span><span data-ccp-props=\"{&quot;201341983&quot;:0,&quot;335559739&quot;:0,&quot;335559740&quot;:240}\">\u00a0<\/span><\/p><p><span data-contrast=\"none\">Os aglutinantes org\u00e2nicos mais comuns para a compacta\u00e7\u00e3o de carv\u00e3o:<\/span><\/p>\t\t\t\t\t\t\t\t<\/div>\n\t\t\t\t<div class=\"elementor-element elementor-element-32c43af7 elementor-widget elementor-widget-text-editor\" data-id=\"32c43af7\" data-element_type=\"widget\" data-widget_type=\"text-editor.default\">\n\t\t\t\t\t\t\t\t\t<ul><li><span data-contrast=\"auto\">Finos de carv\u00e3o vegetal sem aglomerantes.<\/span><\/li><li><span data-contrast=\"auto\">Finos de carv\u00e3o vegetal + amido + \u00e1gua\u00a0<\/span><\/li><li><span data-contrast=\"auto\">Finos de carv\u00e3o vegetal + alcatr\u00e3o\u00a0<\/span><\/li><li><span data-contrast=\"auto\">Finos de carv\u00e3o e res\u00edduos de papel gelatinosos ou meladas de a\u00e7\u00facar\u00a0 tamb\u00e9m s\u00e3o utilizados.<\/span><span data-ccp-props=\"{&quot;335559685&quot;:708,&quot;335559739&quot;:0}\">\u00a0<\/span><\/li><\/ul>\t\t\t\t\t\t\t\t<\/div>\n\t\t\t\t<\/div>\n\t\t\t\t<\/div>\n\t\t\t\t<div class=\"elementor-element elementor-element-3cb7cab7 elementor-widget elementor-widget-image-carousel\" data-id=\"3cb7cab7\" data-element_type=\"widget\" data-settings=\"{&quot;slides_to_show&quot;:&quot;5&quot;,&quot;navigation&quot;:&quot;none&quot;,&quot;autoplay&quot;:&quot;yes&quot;,&quot;pause_on_hover&quot;:&quot;yes&quot;,&quot;pause_on_interaction&quot;:&quot;yes&quot;,&quot;autoplay_speed&quot;:5000,&quot;infinite&quot;:&quot;yes&quot;,&quot;speed&quot;:500}\" data-widget_type=\"image-carousel.default\">\n\t\t\t\t\t\t\t<div class=\"elementor-image-carousel-wrapper swiper\" role=\"region\" aria-roledescription=\"carousel\" aria-label=\"Carrossel de imagens\" dir=\"ltr\">\n\t\t\t<div class=\"elementor-image-carousel swiper-wrapper swiper-image-stretch\" aria-live=\"off\">\n\t\t\t\t\t\t\t\t<div class=\"swiper-slide\" role=\"group\" aria-roledescription=\"slide\" aria-label=\"1 de 10\"><figure class=\"swiper-slide-inner\"><img decoding=\"async\" class=\"swiper-slide-image\" src=\"https:\/\/oiweb4.com\/pnd-2473\/wp-content\/uploads\/elementor\/thumbs\/Captura-de-tela-2025-07-21-170644-r93mxiz0cmhf08nhgpa9ej1pz07xg54ce8jh1rukmk.png\" alt=\"Eucaliptos\" \/><figcaption class=\"elementor-image-carousel-caption\">Eucaliptos<\/figcaption><\/figure><\/div><div class=\"swiper-slide\" role=\"group\" aria-roledescription=\"slide\" aria-label=\"2 de 10\"><figure class=\"swiper-slide-inner\"><img decoding=\"async\" class=\"swiper-slide-image\" src=\"https:\/\/oiweb4.com\/pnd-2473\/wp-content\/uploads\/elementor\/thumbs\/Captura-de-tela-2025-07-21-170653-r93mxjwujgipbum4b7ovz0t6ke3anu82qd6yj1t6gc.png\" alt=\"Pinus\" \/><figcaption class=\"elementor-image-carousel-caption\">Pinus<\/figcaption><\/figure><\/div><div class=\"swiper-slide\" role=\"group\" aria-roledescription=\"slide\" aria-label=\"3 de 10\"><figure class=\"swiper-slide-inner\"><img decoding=\"async\" class=\"swiper-slide-image\" src=\"https:\/\/oiweb4.com\/pnd-2473\/wp-content\/uploads\/elementor\/thumbs\/Captura-de-tela-2025-07-21-170658-r93mxkuoqajzngkr5q3ijikn5rynvjbt2hug0brsa4.png\" alt=\"Cascas Coco Bahia\" \/><figcaption class=\"elementor-image-carousel-caption\">Cascas Coco Bahia<\/figcaption><\/figure><\/div><div class=\"swiper-slide\" role=\"group\" aria-roledescription=\"slide\" aria-label=\"4 de 10\"><figure class=\"swiper-slide-inner\"><img decoding=\"async\" class=\"swiper-slide-image\" src=\"https:\/\/oiweb4.com\/pnd-2473\/wp-content\/uploads\/elementor\/thumbs\/Captura-de-tela-2025-07-21-170702-r93mxlsix4l9z2je08i540c3r5u138fjemhxhlqe3w.png\" alt=\"Cascas Baba\u00e7u\" \/><figcaption class=\"elementor-image-carousel-caption\">Cascas Baba\u00e7u<\/figcaption><\/figure><\/div><div class=\"swiper-slide\" role=\"group\" aria-roledescription=\"slide\" aria-label=\"5 de 10\"><figure class=\"swiper-slide-inner\"><img decoding=\"async\" class=\"swiper-slide-image\" src=\"https:\/\/oiweb4.com\/pnd-2473\/wp-content\/uploads\/elementor\/thumbs\/Captura-de-tela-2025-07-21-170707-r93mxlsix4l9z2je08i540c3r5u138fjemhxhlqe3w.png\" alt=\"Cascas Eucaliptos\" \/><figcaption class=\"elementor-image-carousel-caption\">Cascas Eucaliptos<\/figcaption><\/figure><\/div><div class=\"swiper-slide\" role=\"group\" aria-roledescription=\"slide\" aria-label=\"6 de 10\"><figure class=\"swiper-slide-inner\"><img decoding=\"async\" class=\"swiper-slide-image\" src=\"https:\/\/oiweb4.com\/pnd-2473\/wp-content\/uploads\/elementor\/thumbs\/Captura-de-tela-2025-07-21-170715-r93mxmqd3ymkaoi0uqwroi3kcjpeaxj9qr5eyvozxo.png\" alt=\"Cascas Pinus\" \/><figcaption class=\"elementor-image-carousel-caption\">Cascas Pinus<\/figcaption><\/figure><\/div><div class=\"swiper-slide\" role=\"group\" aria-roledescription=\"slide\" aria-label=\"7 de 10\"><figure class=\"swiper-slide-inner\"><img decoding=\"async\" class=\"swiper-slide-image\" src=\"https:\/\/oiweb4.com\/pnd-2473\/wp-content\/uploads\/elementor\/thumbs\/Captura-de-tela-2025-07-21-170720-r93mxno7asnumagnp9be8zv0xxkrimn02vswg5nlrg.png\" alt=\"Caro\u00e7os Diversos\" \/><figcaption class=\"elementor-image-carousel-caption\">Caro\u00e7os Diversos<\/figcaption><\/figure><\/div><div class=\"swiper-slide\" role=\"group\" aria-roledescription=\"slide\" aria-label=\"8 de 10\"><figure class=\"swiper-slide-inner\"><img decoding=\"async\" class=\"swiper-slide-image\" src=\"https:\/\/oiweb4.com\/pnd-2473\/wp-content\/uploads\/elementor\/thumbs\/Captura-de-tela-2025-07-21-170724-r93mxom1hmp4xwfajrq0thmhjbg4qbqqf0gdxfm7l8.png\" alt=\"Bambu\" \/><figcaption class=\"elementor-image-carousel-caption\">Bambu<\/figcaption><\/figure><\/div><div class=\"swiper-slide\" role=\"group\" aria-roledescription=\"slide\" aria-label=\"9 de 10\"><figure class=\"swiper-slide-inner\"><img decoding=\"async\" class=\"swiper-slide-image\" src=\"https:\/\/oiweb4.com\/pnd-2473\/wp-content\/uploads\/elementor\/thumbs\/Captura-de-tela-2025-07-21-170728-r93mxpjvogqf9idxea4ndzdy4pbhy0ugr53vepktf0.png\" alt=\"Cascas Arroz\" \/><figcaption class=\"elementor-image-carousel-caption\">Cascas Arroz<\/figcaption><\/figure><\/div><div class=\"swiper-slide\" role=\"group\" aria-roledescription=\"slide\" aria-label=\"10 de 10\"><figure class=\"swiper-slide-inner\"><img decoding=\"async\" class=\"swiper-slide-image\" src=\"https:\/\/oiweb4.com\/pnd-2473\/wp-content\/uploads\/elementor\/thumbs\/Captura-de-tela-2025-07-21-170733-r93mxqhpvarpl4ck8sj9yh5eq36v5py739rcvzjf8s.png\" alt=\"Baga\u00e7o da Cana\" \/><figcaption class=\"elementor-image-carousel-caption\">Baga\u00e7o da Cana<\/figcaption><\/figure><\/div>\t\t\t<\/div>\n\t\t\t\t\t\t\t\n\t\t\t\t\t\t\t\t\t<\/div>\n\t\t\t\t\t\t<\/div>\n\t\t\t\t<div class=\"elementor-element elementor-element-6f2c041e elementor-widget elementor-widget-heading\" data-id=\"6f2c041e\" data-element_type=\"widget\" data-widget_type=\"heading.default\">\n\t\t\t\t\t<h2 class=\"elementor-heading-title elementor-size-default\">Finos de carv\u00e3o com subprodutos da minera\u00e7\u00e3o<\/h2>\t\t\t\t<\/div>\n\t\t\t\t<div class=\"elementor-element elementor-element-d80912b elementor-widget-divider--view-line elementor-widget elementor-widget-divider\" data-id=\"d80912b\" data-element_type=\"widget\" data-widget_type=\"divider.default\">\n\t\t\t\t\t\t\t<div class=\"elementor-divider\">\n\t\t\t<span class=\"elementor-divider-separator\">\n\t\t\t\t\t\t<\/span>\n\t\t<\/div>\n\t\t\t\t\t\t<\/div>\n\t\t<div class=\"elementor-element elementor-element-34928a83 e-con-full e-flex e-con e-child\" data-id=\"34928a83\" data-element_type=\"container\">\n\t\t<div class=\"elementor-element elementor-element-79f3575 e-grid e-con-full e-con e-child\" data-id=\"79f3575\" data-element_type=\"container\">\n\t\t\t\t<div class=\"elementor-element elementor-element-493ec9b0 elementor-widget elementor-widget-text-editor\" data-id=\"493ec9b0\" data-element_type=\"widget\" data-widget_type=\"text-editor.default\">\n\t\t\t\t\t\t\t\t\t<ul><li><span class=\"TextRun SCXW153395280 BCX0\" lang=\"PT-BR\" xml:lang=\"PT-BR\" data-contrast=\"auto\"> <span class=\"NormalTextRun SCXW153395280 BCX0\">Finos de c<\/span><span class=\"NormalTextRun SCXW153395280 BCX0\">arv\u00e3o vegetal + <\/span><span class=\"NormalTextRun SCXW153395280 BCX0\">finos de min\u00e9rio de ferro + poeira de filtro + cimento<\/span><\/span><\/li><li><span class=\"TextRun SCXW153395280 BCX0\" lang=\"PT-BR\" xml:lang=\"PT-BR\" data-contrast=\"auto\"><span class=\"NormalTextRun SCXW153395280 BCX0\">Finos de carv\u00e3o vegetal + finos de min\u00e9rio de <\/span><span class=\"NormalTextRun SpellingErrorV2Themed SCXW153395280 BCX0\">manganes<\/span><span class=\"NormalTextRun SCXW153395280 BCX0\"> + poeira de filtro + cimento<\/span><\/span><\/li><li><span class=\"TextRun SCXW153395280 BCX0\" lang=\"PT-BR\" xml:lang=\"PT-BR\" data-contrast=\"auto\"><span class=\"NormalTextRun SCXW153395280 BCX0\">Finos de carv\u00e3o vegetal + finos de min\u00e9rio de ferro + fundente (calc\u00e1rio)+ aglomerante (cimento , escoria ou bentonita)<\/span><\/span><\/li><\/ul>\t\t\t\t\t\t\t\t<\/div>\n\t\t\t\t<div class=\"elementor-element elementor-element-3635bf20 elementor-widget elementor-widget-text-editor\" data-id=\"3635bf20\" data-element_type=\"widget\" data-widget_type=\"text-editor.default\">\n\t\t\t\t\t\t\t\t\t<ul><li><span class=\"TextRun SCXW84831014 BCX0\" lang=\"PT-BR\" xml:lang=\"PT-BR\" data-contrast=\"auto\"><span class=\"NormalTextRun SpellingErrorV2Themed SCXW84831014 BCX0\">Outros<\/span><span class=\"NormalTextRun SCXW84831014 BCX0\"> res\u00edduos podem ser: finos, gases, fuligem, lamas, efluentes, poeiras, carepas, sucata, escoria<\/span><\/span><\/li><li><span class=\"TextRun SCXW84831014 BCX0\" lang=\"PT-BR\" xml:lang=\"PT-BR\" data-contrast=\"auto\"><span class=\"NormalTextRun SCXW84831014 BCX0\">E muitas outras combina\u00e7\u00f5es de subprodutos e rejeitos dispon\u00edveis em minas, sider\u00fargicas e sider\u00fargicas. Testes de conceito s\u00e3o essenciais em uma planta <\/span><span class=\"NormalTextRun SpellingErrorV2Themed SCXW84831014 BCX0\">semi-industrial<\/span><\/span><span class=\"EOP SCXW84831014 BCX0\" data-ccp-props=\"{}\">\u00a0<\/span><\/li><\/ul>\t\t\t\t\t\t\t\t<\/div>\n\t\t\t\t<\/div>\n\t\t\t\t<\/div>\n\t\t<div class=\"elementor-element elementor-element-6787da43 e-con-full e-grid e-con e-child\" data-id=\"6787da43\" data-element_type=\"container\">\n\t\t\t\t<div class=\"elementor-element elementor-element-799dad40 elementor-widget elementor-widget-image\" data-id=\"799dad40\" data-element_type=\"widget\" data-widget_type=\"image.default\">\n\t\t\t\t\t\t\t\t\t\t\t\t<figure class=\"wp-caption\">\n\t\t\t\t\t\t\t\t\t\t<img fetchpriority=\"high\" decoding=\"async\" width=\"444\" height=\"409\" src=\"https:\/\/oiweb4.com\/pnd-2473\/wp-content\/uploads\/2025\/07\/Captura-de-tela-2025-07-21-171809.png\" class=\"attachment-large size-large wp-image-113\" alt=\"\" srcset=\"https:\/\/oiweb4.com\/pnd-2473\/wp-content\/uploads\/2025\/07\/Captura-de-tela-2025-07-21-171809.png 444w, https:\/\/oiweb4.com\/pnd-2473\/wp-content\/uploads\/2025\/07\/Captura-de-tela-2025-07-21-171809-300x276.png 300w\" sizes=\"(max-width: 444px) 100vw, 444px\" \/>\t\t\t\t\t\t\t\t\t\t\t<figcaption class=\"widget-image-caption wp-caption-text\">P\u00e9 Ferro<\/figcaption>\n\t\t\t\t\t\t\t\t\t\t<\/figure>\n\t\t\t\t\t\t\t\t\t<\/div>\n\t\t\t\t<div class=\"elementor-element elementor-element-478abd7b elementor-widget elementor-widget-image\" data-id=\"478abd7b\" data-element_type=\"widget\" data-widget_type=\"image.default\">\n\t\t\t\t\t\t\t\t\t\t\t\t<figure class=\"wp-caption\">\n\t\t\t\t\t\t\t\t\t\t<img decoding=\"async\" width=\"446\" height=\"411\" src=\"https:\/\/oiweb4.com\/pnd-2473\/wp-content\/uploads\/2025\/07\/Captura-de-tela-2025-07-21-171816.png\" class=\"attachment-large size-large wp-image-114\" alt=\"\" srcset=\"https:\/\/oiweb4.com\/pnd-2473\/wp-content\/uploads\/2025\/07\/Captura-de-tela-2025-07-21-171816.png 446w, https:\/\/oiweb4.com\/pnd-2473\/wp-content\/uploads\/2025\/07\/Captura-de-tela-2025-07-21-171816-300x276.png 300w\" sizes=\"(max-width: 446px) 100vw, 446px\" \/>\t\t\t\t\t\t\t\t\t\t\t<figcaption class=\"widget-image-caption wp-caption-text\">P\u00f3 de Niquel<\/figcaption>\n\t\t\t\t\t\t\t\t\t\t<\/figure>\n\t\t\t\t\t\t\t\t\t<\/div>\n\t\t\t\t<div class=\"elementor-element elementor-element-60294ba3 elementor-widget elementor-widget-image\" data-id=\"60294ba3\" data-element_type=\"widget\" data-widget_type=\"image.default\">\n\t\t\t\t\t\t\t\t\t\t\t\t<figure class=\"wp-caption\">\n\t\t\t\t\t\t\t\t\t\t<img decoding=\"async\" width=\"444\" height=\"361\" src=\"https:\/\/oiweb4.com\/pnd-2473\/wp-content\/uploads\/2025\/07\/Captura-de-tela-2025-07-21-171823.png\" class=\"attachment-large size-large wp-image-115\" alt=\"\" srcset=\"https:\/\/oiweb4.com\/pnd-2473\/wp-content\/uploads\/2025\/07\/Captura-de-tela-2025-07-21-171823.png 444w, https:\/\/oiweb4.com\/pnd-2473\/wp-content\/uploads\/2025\/07\/Captura-de-tela-2025-07-21-171823-300x244.png 300w\" sizes=\"(max-width: 444px) 100vw, 444px\" \/>\t\t\t\t\t\t\t\t\t\t\t<figcaption class=\"widget-image-caption wp-caption-text\">P\u00f3 de Chrome<\/figcaption>\n\t\t\t\t\t\t\t\t\t\t<\/figure>\n\t\t\t\t\t\t\t\t\t<\/div>\n\t\t\t\t<div class=\"elementor-element elementor-element-5a87c4d9 elementor-widget elementor-widget-image\" data-id=\"5a87c4d9\" data-element_type=\"widget\" data-widget_type=\"image.default\">\n\t\t\t\t\t\t\t\t\t\t\t\t<figure class=\"wp-caption\">\n\t\t\t\t\t\t\t\t\t\t<img loading=\"lazy\" decoding=\"async\" width=\"350\" height=\"347\" src=\"https:\/\/oiweb4.com\/pnd-2473\/wp-content\/uploads\/2025\/07\/Captura-de-tela-2025-07-21-171857.png\" class=\"attachment-large size-large wp-image-116\" alt=\"\" srcset=\"https:\/\/oiweb4.com\/pnd-2473\/wp-content\/uploads\/2025\/07\/Captura-de-tela-2025-07-21-171857.png 350w, https:\/\/oiweb4.com\/pnd-2473\/wp-content\/uploads\/2025\/07\/Captura-de-tela-2025-07-21-171857-300x297.png 300w, https:\/\/oiweb4.com\/pnd-2473\/wp-content\/uploads\/2025\/07\/Captura-de-tela-2025-07-21-171857-150x150.png 150w\" sizes=\"(max-width: 350px) 100vw, 350px\" \/>\t\t\t\t\t\t\t\t\t\t\t<figcaption class=\"widget-image-caption wp-caption-text\">P\u00f3 de Mangan\u00eas<\/figcaption>\n\t\t\t\t\t\t\t\t\t\t<\/figure>\n\t\t\t\t\t\t\t\t\t<\/div>\n\t\t\t\t<\/div>\n\t\t\t\t<div class=\"elementor-element elementor-element-60ee3309 elementor-widget elementor-widget-heading\" data-id=\"60ee3309\" data-element_type=\"widget\" data-widget_type=\"heading.default\">\n\t\t\t\t\t<h2 class=\"elementor-heading-title elementor-size-default\">Pilhas e Barragens de rejeitos<\/h2>\t\t\t\t<\/div>\n\t\t\t\t<div class=\"elementor-element elementor-element-60c9d177 elementor-widget-divider--view-line elementor-widget elementor-widget-divider\" data-id=\"60c9d177\" data-element_type=\"widget\" data-widget_type=\"divider.default\">\n\t\t\t\t\t\t\t<div class=\"elementor-divider\">\n\t\t\t<span class=\"elementor-divider-separator\">\n\t\t\t\t\t\t<\/span>\n\t\t<\/div>\n\t\t\t\t\t\t<\/div>\n\t\t<div class=\"elementor-element elementor-element-7d539ea7 e-con-full e-flex e-con e-child\" data-id=\"7d539ea7\" data-element_type=\"container\">\n\t\t<div class=\"elementor-element elementor-element-2268d3d2 e-con-full e-flex e-con e-child\" data-id=\"2268d3d2\" data-element_type=\"container\">\n\t\t\t\t<div class=\"elementor-element elementor-element-24969e0c elementor-widget elementor-widget-text-editor\" data-id=\"24969e0c\" data-element_type=\"widget\" data-widget_type=\"text-editor.default\">\n\t\t\t\t\t\t\t\t\t<p><span class=\"NormalTextRun SCXW51115302 BCX0\">A partir do ultrafino e utilizando cimento como ligante, ele pode ser extrudado para ser incorporado novamente ao processo<\/span><span class=\"NormalTextRun SCXW51115302 BCX0\">\u00a0<\/span><span class=\"NormalTextRun SpellingErrorV2Themed SCXW51115302 BCX0\">pos<\/span><span class=\"NormalTextRun SCXW51115302 BCX0\"> e lamas<\/span><span class=\"NormalTextRun SCXW51115302 BCX0\"> com 20-40% de min\u00e9rio. A <\/span><span class=\"NormalTextRun SpellingErrorV2Themed SCXW51115302 BCX0\">estudiar<\/span><span class=\"NormalTextRun SCXW51115302 BCX0\"> em cada caso e fazer testes.<\/span><\/p>\t\t\t\t\t\t\t\t<\/div>\n\t\t\t\t<\/div>\n\t\t\t\t<div class=\"elementor-element elementor-element-e5981c3 elementor-widget elementor-widget-image\" data-id=\"e5981c3\" data-element_type=\"widget\" data-widget_type=\"image.default\">\n\t\t\t\t\t\t\t\t\t\t\t\t\t\t\t<img loading=\"lazy\" decoding=\"async\" width=\"529\" height=\"351\" src=\"https:\/\/oiweb4.com\/pnd-2473\/wp-content\/uploads\/2025\/07\/Imagem-do-WhatsApp-de-2025-07-24-as-16.46.54_0228698d.jpg\" class=\"attachment-large size-large wp-image-348\" alt=\"\" srcset=\"https:\/\/oiweb4.com\/pnd-2473\/wp-content\/uploads\/2025\/07\/Imagem-do-WhatsApp-de-2025-07-24-as-16.46.54_0228698d.jpg 529w, https:\/\/oiweb4.com\/pnd-2473\/wp-content\/uploads\/2025\/07\/Imagem-do-WhatsApp-de-2025-07-24-as-16.46.54_0228698d-300x199.jpg 300w\" sizes=\"(max-width: 529px) 100vw, 529px\" \/>\t\t\t\t\t\t\t\t\t\t\t\t\t\t\t<\/div>\n\t\t\t\t<\/div>\n\t\t\t\t<div class=\"elementor-element elementor-element-27ef84ea elementor-widget elementor-widget-heading\" data-id=\"27ef84ea\" data-element_type=\"widget\" data-widget_type=\"heading.default\">\n\t\t\t\t\t<h2 class=\"elementor-heading-title elementor-size-default\">Biomassa e outros rejeitos org\u00e2nicos <\/h2>\t\t\t\t<\/div>\n\t\t\t\t<div class=\"elementor-element elementor-element-60e49990 elementor-widget-divider--view-line elementor-widget elementor-widget-divider\" data-id=\"60e49990\" data-element_type=\"widget\" data-widget_type=\"divider.default\">\n\t\t\t\t\t\t\t<div class=\"elementor-divider\">\n\t\t\t<span class=\"elementor-divider-separator\">\n\t\t\t\t\t\t<\/span>\n\t\t<\/div>\n\t\t\t\t\t\t<\/div>\n\t\t<div class=\"elementor-element elementor-element-4a4910fe e-con-full e-flex e-con e-child\" data-id=\"4a4910fe\" data-element_type=\"container\">\n\t\t<div class=\"elementor-element elementor-element-16137a1f e-grid e-con-full e-con e-child\" data-id=\"16137a1f\" data-element_type=\"container\">\n\t\t\t\t<div class=\"elementor-element elementor-element-2a8ead6d elementor-widget elementor-widget-text-editor\" data-id=\"2a8ead6d\" data-element_type=\"widget\" data-widget_type=\"text-editor.default\">\n\t\t\t\t\t\t\t\t\t<p>\u00a0<\/p><p><span class=\"TextRun SCXW113222233 BCX0\" lang=\"PT-BR\" xml:lang=\"PT-BR\" data-contrast=\"none\"><span class=\"NormalTextRun SCXW113222233 BCX0\">A extrus\u00e3o de biomassa \u00e9 um processo de densifica\u00e7\u00e3o de materiais de biomassa, for\u00e7ando-os atrav\u00e9s de um molde para criar combust\u00edveis s\u00f3lidos <\/span><span class=\"NormalTextRun SpellingErrorV2Themed SCXW113222233 BCX0\">na<\/span><span class=\"NormalTextRun SCXW113222233 BCX0\"> forma de briquetes. Esse processo aprimora as propriedades do combust\u00edvel, aumentando a densidade e facilitando o manuseio e <\/span><span class=\"NormalTextRun SCXW113222233 BCX0\">armazenamento<\/span><\/span><span class=\"LineBreakBlob BlobObject DragDrop SCXW113222233 BCX0\"><span class=\"SCXW113222233 BCX0\">\u00a0<\/span><br class=\"SCXW113222233 BCX0\" \/><\/span><span class=\"TextRun SCXW113222233 BCX0\" lang=\"PT-BR\" xml:lang=\"PT-BR\" data-contrast=\"none\"><span class=\"NormalTextRun SCXW113222233 BCX0\">A <\/span><span class=\"NormalTextRun SpellingErrorV2Themed SCXW113222233 BCX0\">extruss\u00e3<\/span><span class=\"NormalTextRun SpellingErrorV2Themed SCXW113222233 BCX0\">o t<\/span><span class=\"NormalTextRun SCXW113222233 BCX0\">amb\u00e9m reduz a umidade e as poeiras e finos.<\/span><\/span><\/p>\t\t\t\t\t\t\t\t<\/div>\n\t\t\t\t<div class=\"elementor-element elementor-element-06643f5 elementor-widget elementor-widget-image\" data-id=\"06643f5\" data-element_type=\"widget\" data-widget_type=\"image.default\">\n\t\t\t\t\t\t\t\t\t\t\t\t\t\t\t<img loading=\"lazy\" decoding=\"async\" width=\"426\" height=\"280\" src=\"https:\/\/oiweb4.com\/pnd-2473\/wp-content\/uploads\/2025\/07\/Captura-de-tela-2025-07-25-115555.png\" class=\"attachment-large size-large wp-image-433\" alt=\"\" srcset=\"https:\/\/oiweb4.com\/pnd-2473\/wp-content\/uploads\/2025\/07\/Captura-de-tela-2025-07-25-115555.png 426w, https:\/\/oiweb4.com\/pnd-2473\/wp-content\/uploads\/2025\/07\/Captura-de-tela-2025-07-25-115555-300x197.png 300w\" sizes=\"(max-width: 426px) 100vw, 426px\" \/>\t\t\t\t\t\t\t\t\t\t\t\t\t\t\t<\/div>\n\t\t\t\t<\/div>\n\t\t\t\t<\/div>\n\t\t\t\t\t<\/div>\n\t\t\t\t<\/div>\n\t\t<div class=\"elementor-element elementor-element-b975a9b e-flex e-con-boxed e-con e-parent\" data-id=\"b975a9b\" data-element_type=\"container\">\n\t\t\t\t\t<div class=\"e-con-inner\">\n\t\t\t\t\t<\/div>\n\t\t\t\t<\/div>\n\t\t\t\t<\/div>\n\t\t","protected":false},"excerpt":{"rendered":"<p>Materiais Extrud\u00e1veis Finos de carv\u00e3o pirolisado de v\u00e1rias fontes Se a press\u00e3o de extrus\u00e3o for alta o suficiente, o uso de ligante n\u00e3o \u00e9 necess\u00e1rio. No entanto, isso nem sempre acontece.\u00a0 Os aglutinantes org\u00e2nicos mais comuns para a compacta\u00e7\u00e3o de carv\u00e3o: Finos de carv\u00e3o vegetal sem aglomerantes. Finos de carv\u00e3o vegetal + amido + \u00e1gua\u00a0 [&hellip;]<\/p>\n","protected":false},"author":1,"featured_media":0,"parent":0,"menu_order":0,"comment_status":"closed","ping_status":"closed","template":"","meta":{"footnotes":""},"class_list":["post-228","page","type-page","status-publish","hentry"],"_links":{"self":[{"href":"https:\/\/oiweb4.com\/pnd-2473\/wp-json\/wp\/v2\/pages\/228","targetHints":{"allow":["GET"]}}],"collection":[{"href":"https:\/\/oiweb4.com\/pnd-2473\/wp-json\/wp\/v2\/pages"}],"about":[{"href":"https:\/\/oiweb4.com\/pnd-2473\/wp-json\/wp\/v2\/types\/page"}],"author":[{"embeddable":true,"href":"https:\/\/oiweb4.com\/pnd-2473\/wp-json\/wp\/v2\/users\/1"}],"replies":[{"embeddable":true,"href":"https:\/\/oiweb4.com\/pnd-2473\/wp-json\/wp\/v2\/comments?post=228"}],"version-history":[{"count":46,"href":"https:\/\/oiweb4.com\/pnd-2473\/wp-json\/wp\/v2\/pages\/228\/revisions"}],"predecessor-version":[{"id":671,"href":"https:\/\/oiweb4.com\/pnd-2473\/wp-json\/wp\/v2\/pages\/228\/revisions\/671"}],"wp:attachment":[{"href":"https:\/\/oiweb4.com\/pnd-2473\/wp-json\/wp\/v2\/media?parent=228"}],"curies":[{"name":"wp","href":"https:\/\/api.w.org\/{rel}","templated":true}]}}