{"id":161,"date":"2025-07-23T17:15:52","date_gmt":"2025-07-23T20:15:52","guid":{"rendered":"https:\/\/oiweb4.com\/pnd-2473\/?page_id=161"},"modified":"2025-07-28T16:19:14","modified_gmt":"2025-07-28T19:19:14","slug":"briquetagem","status":"publish","type":"page","link":"https:\/\/oiweb4.com\/pnd-2473\/briquetagem\/","title":{"rendered":"briquetagem"},"content":{"rendered":"\t\t<div data-elementor-type=\"wp-page\" data-elementor-id=\"161\" class=\"elementor elementor-161\" data-elementor-post-type=\"page\">\n\t\t\t\t<div class=\"elementor-element elementor-element-32a3133d e-con-full e-flex e-con e-parent\" data-id=\"32a3133d\" data-element_type=\"container\" data-settings=\"{&quot;background_background&quot;:&quot;classic&quot;}\">\n\t\t\t\t<div class=\"elementor-element elementor-element-1f75eb06 elementor-widget elementor-widget-heading\" data-id=\"1f75eb06\" data-element_type=\"widget\" data-widget_type=\"heading.default\">\n\t\t\t\t\t<h2 class=\"elementor-heading-title elementor-size-default\">Briquetagem<\/h2>\t\t\t\t<\/div>\n\t\t\t\t<div class=\"elementor-element elementor-element-7cd3ba29 elementor-widget-divider--view-line elementor-widget elementor-widget-divider\" data-id=\"7cd3ba29\" data-element_type=\"widget\" data-widget_type=\"divider.default\">\n\t\t\t\t\t\t\t<div class=\"elementor-divider\">\n\t\t\t<span class=\"elementor-divider-separator\">\n\t\t\t\t\t\t<\/span>\n\t\t<\/div>\n\t\t\t\t\t\t<\/div>\n\t\t\t\t<\/div>\n\t\t<div class=\"elementor-element elementor-element-5e295d4b e-flex e-con-boxed e-con e-parent\" data-id=\"5e295d4b\" data-element_type=\"container\">\n\t\t\t\t\t<div class=\"e-con-inner\">\n\t\t<div class=\"elementor-element elementor-element-3d63e2c9 e-con-full e-flex e-con e-child\" data-id=\"3d63e2c9\" data-element_type=\"container\">\n\t\t\t\t<div class=\"elementor-element elementor-element-4ea535a1 elementor-widget elementor-widget-heading\" data-id=\"4ea535a1\" data-element_type=\"widget\" data-widget_type=\"heading.default\">\n\t\t\t\t\t<h2 class=\"elementor-heading-title elementor-size-default\">Aglomera\u00e7\u00e3o, densifica\u00e7\u00e3o, compacta\u00e7\u00e3o ou briquetagem<\/h2>\t\t\t\t<\/div>\n\t\t\t\t<div class=\"elementor-element elementor-element-4a1910e0 elementor-widget-divider--view-line elementor-widget elementor-widget-divider\" data-id=\"4a1910e0\" data-element_type=\"widget\" data-widget_type=\"divider.default\">\n\t\t\t\t\t\t\t<div class=\"elementor-divider\">\n\t\t\t<span class=\"elementor-divider-separator\">\n\t\t\t\t\t\t<\/span>\n\t\t<\/div>\n\t\t\t\t\t\t<\/div>\n\t\t<div class=\"elementor-element elementor-element-6a340a37 e-con-full e-grid e-con e-child\" data-id=\"6a340a37\" data-element_type=\"container\">\n\t\t\t\t<div class=\"elementor-element elementor-element-5fdfbcf1 elementor-widget elementor-widget-text-editor\" data-id=\"5fdfbcf1\" data-element_type=\"widget\" data-widget_type=\"text-editor.default\">\n\t\t\t\t\t\t\t\t\t<p>Os briquetes s\u00e3o feitos de materiais finos subprodutos do carv\u00e3o vegetal ou outros, previamente misturados com um ligante e passados por uma m\u00e1quina extrusora muito potente e com uma grande compress\u00e3o mec\u00e2nica que, com um molde, d\u00e3o formas cil\u00edndricas, pellets ou qualquer forma que desejarmos. Com isso:<\/p><ul><li><span class=\"TextRun SCXW131969129 BCX0\" lang=\"PT-BR\" xml:lang=\"PT-BR\" data-contrast=\"none\"><span class=\"NormalTextRun SCXW131969129 BCX0\">Aumenta<\/span><span class=\"NormalTextRun SCXW131969129 BCX0\">-se <\/span><span class=\"NormalTextRun SCXW131969129 BCX0\">efici\u00eancia energ\u00e9tica em processos t\u00e9rmicos.<\/span><\/span><\/li><li><span class=\"TextRun SCXW131969129 BCX0\" lang=\"PT-BR\" xml:lang=\"PT-BR\" data-contrast=\"none\"><span class=\"NormalTextRun SCXW131969129 BCX0\">Reduz<\/span><span class=\"NormalTextRun SCXW131969129 BCX0\">isse<\/span><span class=\"NormalTextRun SCXW131969129 BCX0\"> significativamente a pegada de carbono<\/span><\/span><\/li><li><span class=\"TextRun SCXW131969129 BCX0\" lang=\"PT-BR\" xml:lang=\"PT-BR\" data-contrast=\"none\"><span class=\"NormalTextRun SCXW131969129 BCX0\">Substitu\u00ed<\/span><span class=\"NormalTextRun SCXW131969129 BCX0\">sse<\/span><span class=\"NormalTextRun SCXW131969129 BCX0\"> carv\u00e3o pulverizado com melhor desempenho<\/span><\/span><\/li><li><span class=\"TextRun SCXW131969129 BCX0\" lang=\"PT-BR\" xml:lang=\"PT-BR\" data-contrast=\"none\"><span class=\"NormalTextRun SCXW131969129 BCX0\">Suporta aplica\u00e7\u00e3o em produ\u00e7\u00e3o de ferro-gusa<\/span><\/span><\/li><li><span class=\"TextRun SCXW131969129 BCX0\" lang=\"PT-BR\" xml:lang=\"PT-BR\" data-contrast=\"none\"><span class=\"NormalTextRun SCXW131969129 BCX0\">Atende<\/span><span class=\"NormalTextRun SCXW131969129 BCX0\">-se as <\/span><span class=\"NormalTextRun SCXW131969129 BCX0\">exig\u00eancias ambientais atuais e futuras<\/span><\/span><\/li><li><span class=\"TextRun SCXW131969129 BCX0\" lang=\"PT-BR\" xml:lang=\"PT-BR\" data-contrast=\"none\"><span class=\"NormalTextRun SCXW131969129 BCX0\">Produz briquetes com padr\u00e3o industrial elevado<\/span><\/span><span class=\"EOP SCXW131969129 BCX0\" data-ccp-props=\"{&quot;201341983&quot;:0,&quot;335559739&quot;:0,&quot;335559740&quot;:240}\">\u00a0<\/span><\/li><\/ul><p><span class=\"NormalTextRun SCXW4006906 BCX0\"><br \/>O carv\u00e3o vegetal e o <\/span><span class=\"NormalTextRun SpellingErrorV2Themed SCXW4006906 BCX0\">petcoke<\/span><span class=\"NormalTextRun SCXW4006906 BCX0\"> s\u00e3o os combust\u00edveis alternativos <\/span><span class=\"NormalTextRun SCXW4006906 BCX0\">mais <\/span><span class=\"NormalTextRun SCXW4006906 BCX0\">dispon\u00edveis no Brasil. O primeiro prov\u00e9m da natureza e o segundo de res\u00edduos petrol\u00edferos.<\/span><\/p>\t\t\t\t\t\t\t\t<\/div>\n\t\t\t\t<div class=\"elementor-element elementor-element-3f5f4d33 elementor-widget elementor-widget-image\" data-id=\"3f5f4d33\" data-element_type=\"widget\" data-widget_type=\"image.default\">\n\t\t\t\t\t\t\t\t\t\t\t\t\t\t\t<img fetchpriority=\"high\" decoding=\"async\" width=\"1920\" height=\"1080\" src=\"https:\/\/oiweb4.com\/pnd-2473\/wp-content\/uploads\/2025\/07\/wallpaperflare.com_wallpaper.jpg\" class=\"attachment-full size-full wp-image-94\" alt=\"\" srcset=\"https:\/\/oiweb4.com\/pnd-2473\/wp-content\/uploads\/2025\/07\/wallpaperflare.com_wallpaper.jpg 1920w, https:\/\/oiweb4.com\/pnd-2473\/wp-content\/uploads\/2025\/07\/wallpaperflare.com_wallpaper-300x169.jpg 300w, https:\/\/oiweb4.com\/pnd-2473\/wp-content\/uploads\/2025\/07\/wallpaperflare.com_wallpaper-1024x576.jpg 1024w, https:\/\/oiweb4.com\/pnd-2473\/wp-content\/uploads\/2025\/07\/wallpaperflare.com_wallpaper-768x432.jpg 768w, https:\/\/oiweb4.com\/pnd-2473\/wp-content\/uploads\/2025\/07\/wallpaperflare.com_wallpaper-1536x864.jpg 1536w\" sizes=\"(max-width: 1920px) 100vw, 1920px\" \/>\t\t\t\t\t\t\t\t\t\t\t\t\t\t\t<\/div>\n\t\t\t\t<\/div>\n\t\t<div class=\"elementor-element elementor-element-76ba0272 e-con-full e-grid e-con e-child\" data-id=\"76ba0272\" data-element_type=\"container\">\n\t\t\t\t<div class=\"elementor-element elementor-element-2abc92ce elementor-widget elementor-widget-image\" data-id=\"2abc92ce\" data-element_type=\"widget\" data-widget_type=\"image.default\">\n\t\t\t\t\t\t\t\t\t\t\t\t\t\t\t<img decoding=\"async\" width=\"264\" height=\"218\" src=\"https:\/\/oiweb4.com\/pnd-2473\/wp-content\/uploads\/2025\/07\/Captura-de-tela-2025-07-21-163639.png\" class=\"attachment-large size-large wp-image-90\" alt=\"\" \/>\t\t\t\t\t\t\t\t\t\t\t\t\t\t\t<\/div>\n\t\t\t\t<div class=\"elementor-element elementor-element-2cc3352d elementor-widget elementor-widget-image\" data-id=\"2cc3352d\" data-element_type=\"widget\" data-widget_type=\"image.default\">\n\t\t\t\t\t\t\t\t\t\t\t\t\t\t\t<img decoding=\"async\" width=\"270\" height=\"220\" src=\"https:\/\/oiweb4.com\/pnd-2473\/wp-content\/uploads\/2025\/07\/Captura-de-tela-2025-07-21-163644.png\" class=\"attachment-large size-large wp-image-91\" alt=\"\" \/>\t\t\t\t\t\t\t\t\t\t\t\t\t\t\t<\/div>\n\t\t\t\t<div class=\"elementor-element elementor-element-3364ff1a elementor-widget elementor-widget-image\" data-id=\"3364ff1a\" data-element_type=\"widget\" data-widget_type=\"image.default\">\n\t\t\t\t\t\t\t\t\t\t\t\t\t\t\t<img loading=\"lazy\" decoding=\"async\" width=\"267\" height=\"214\" src=\"https:\/\/oiweb4.com\/pnd-2473\/wp-content\/uploads\/2025\/07\/Captura-de-tela-2025-07-21-163652.png\" class=\"attachment-large size-large wp-image-92\" alt=\"\" \/>\t\t\t\t\t\t\t\t\t\t\t\t\t\t\t<\/div>\n\t\t\t\t<\/div>\n\t\t\t\t<\/div>\n\t\t\t\t\t<\/div>\n\t\t\t\t<\/div>\n\t\t<div class=\"elementor-element elementor-element-48e98997 e-flex e-con-boxed e-con e-parent\" data-id=\"48e98997\" data-element_type=\"container\">\n\t\t\t\t\t<div class=\"e-con-inner\">\n\t\t<div class=\"elementor-element elementor-element-3d72ee7f e-con-full e-flex e-con e-child\" data-id=\"3d72ee7f\" data-element_type=\"container\">\n\t\t\t\t<div class=\"elementor-element elementor-element-49bc63a9 elementor-widget elementor-widget-heading\" data-id=\"49bc63a9\" data-element_type=\"widget\" data-widget_type=\"heading.default\">\n\t\t\t\t\t<h2 class=\"elementor-heading-title elementor-size-default\">A moagem de carv\u00e3o<\/h2>\t\t\t\t<\/div>\n\t\t\t\t<div class=\"elementor-element elementor-element-b14163b elementor-widget-divider--view-line elementor-widget elementor-widget-divider\" data-id=\"b14163b\" data-element_type=\"widget\" data-widget_type=\"divider.default\">\n\t\t\t\t\t\t\t<div class=\"elementor-divider\">\n\t\t\t<span class=\"elementor-divider-separator\">\n\t\t\t\t\t\t<\/span>\n\t\t<\/div>\n\t\t\t\t\t\t<\/div>\n\t\t<div class=\"elementor-element elementor-element-1e8db48a e-con-full e-grid e-con e-child\" data-id=\"1e8db48a\" data-element_type=\"container\">\n\t\t\t\t<div class=\"elementor-element elementor-element-30635f19 elementor-widget elementor-widget-text-editor\" data-id=\"30635f19\" data-element_type=\"widget\" data-widget_type=\"text-editor.default\">\n\t\t\t\t\t\t\t\t\t<p><span class=\"TextRun SCXW10528111 BCX0\" lang=\"PT-BR\" xml:lang=\"PT-BR\" data-contrast=\"none\"><span class=\"NormalTextRun SCXW10528111 BCX0\">Certos processos exigem o processo oposto, ou seja, moer o carv\u00e3o<\/span><\/span><span class=\"LineBreakBlob BlobObject DragDrop SCXW10528111 BCX0\"><span class=\"SCXW10528111 BCX0\">\u00a0<\/span><br class=\"SCXW10528111 BCX0\" \/><\/span><span class=\"TextRun SCXW10528111 BCX0\" lang=\"PT-BR\" xml:lang=\"PT-BR\" data-contrast=\"none\"><span class=\"NormalTextRun SCXW10528111 BCX0\">at\u00e9 200 <\/span><span class=\"NormalTextRun SpellingErrorV2Themed SCXW10528111 BCX0\">mesh<\/span><span class=\"NormalTextRun SCXW10528111 BCX0\"> e menos para <\/span><span class=\"NormalTextRun SCXW10528111 BCX0\">obter:<\/span><\/span><\/p><ul><li><span class=\"TextRun SCXW85822103 BCX0\" lang=\"PT-BR\" xml:lang=\"PT-BR\" data-contrast=\"none\"> <span class=\"NormalTextRun SCXW85822103 BCX0\">Combust\u00edvel alternativo aos fosseis.<\/span><\/span><\/li><li><span class=\"TextRun SCXW22628934 BCX0\" lang=\"PT-BR\" xml:lang=\"PT-BR\" data-contrast=\"none\"><span class=\"NormalTextRun SCXW22628934 BCX0\">Entrada direta no forno.<\/span><\/span><\/li><li><span class=\"TextRun SCXW22628934 BCX0\" lang=\"PT-BR\" xml:lang=\"PT-BR\" data-contrast=\"none\"><span class=\"NormalTextRun SCXW22628934 BCX0\">Com menor pegada de carbono.<\/span><\/span> <span class=\"EOP SCXW131969129 BCX0\" data-ccp-props=\"{&quot;201341983&quot;:0,&quot;335559739&quot;:0,&quot;335559740&quot;:240}\">\u00a0<br \/><\/span><\/li><\/ul><p><span class=\"TextRun SCXW22628934 BCX0\" lang=\"PT-BR\" xml:lang=\"PT-BR\" data-contrast=\"none\"><span class=\"NormalTextRun SCXW22628934 BCX0\">\u00c9 o caso dos fornos de cimento, fornos de cal e muitas outras ind\u00fastrias\u00a0<\/span><\/span><\/p>\t\t\t\t\t\t\t\t<\/div>\n\t\t\t\t<div class=\"elementor-element elementor-element-3b298fd elementor-widget elementor-widget-image\" data-id=\"3b298fd\" data-element_type=\"widget\" data-widget_type=\"image.default\">\n\t\t\t\t\t\t\t\t\t\t\t\t\t\t\t<img loading=\"lazy\" decoding=\"async\" width=\"800\" height=\"530\" src=\"https:\/\/oiweb4.com\/pnd-2473\/wp-content\/uploads\/2025\/07\/Captura-de-tela-2025-07-23-162530-1024x678.png\" class=\"attachment-large size-large wp-image-136\" alt=\"\" srcset=\"https:\/\/oiweb4.com\/pnd-2473\/wp-content\/uploads\/2025\/07\/Captura-de-tela-2025-07-23-162530-1024x678.png 1024w, https:\/\/oiweb4.com\/pnd-2473\/wp-content\/uploads\/2025\/07\/Captura-de-tela-2025-07-23-162530-300x199.png 300w, https:\/\/oiweb4.com\/pnd-2473\/wp-content\/uploads\/2025\/07\/Captura-de-tela-2025-07-23-162530-768x509.png 768w, https:\/\/oiweb4.com\/pnd-2473\/wp-content\/uploads\/2025\/07\/Captura-de-tela-2025-07-23-162530.png 1307w\" sizes=\"(max-width: 800px) 100vw, 800px\" \/>\t\t\t\t\t\t\t\t\t\t\t\t\t\t\t<\/div>\n\t\t\t\t<\/div>\n\t\t<div class=\"elementor-element elementor-element-39213d21 e-con-full e-grid e-con e-child\" data-id=\"39213d21\" data-element_type=\"container\">\n\t\t\t\t<\/div>\n\t\t\t\t<\/div>\n\t\t\t\t\t<\/div>\n\t\t\t\t<\/div>\n\t\t\t\t<\/div>\n\t\t","protected":false},"excerpt":{"rendered":"<p>Briquetagem Aglomera\u00e7\u00e3o, densifica\u00e7\u00e3o, compacta\u00e7\u00e3o ou briquetagem Os briquetes s\u00e3o feitos de materiais finos subprodutos do carv\u00e3o vegetal ou outros, previamente misturados com um ligante e passados por uma m\u00e1quina extrusora muito potente e com uma grande compress\u00e3o mec\u00e2nica que, com um molde, d\u00e3o formas cil\u00edndricas, pellets ou qualquer forma que desejarmos. Com isso: Aumenta-se efici\u00eancia [&hellip;]<\/p>\n","protected":false},"author":1,"featured_media":0,"parent":0,"menu_order":0,"comment_status":"closed","ping_status":"closed","template":"","meta":{"footnotes":""},"class_list":["post-161","page","type-page","status-publish","hentry"],"_links":{"self":[{"href":"https:\/\/oiweb4.com\/pnd-2473\/wp-json\/wp\/v2\/pages\/161","targetHints":{"allow":["GET"]}}],"collection":[{"href":"https:\/\/oiweb4.com\/pnd-2473\/wp-json\/wp\/v2\/pages"}],"about":[{"href":"https:\/\/oiweb4.com\/pnd-2473\/wp-json\/wp\/v2\/types\/page"}],"author":[{"embeddable":true,"href":"https:\/\/oiweb4.com\/pnd-2473\/wp-json\/wp\/v2\/users\/1"}],"replies":[{"embeddable":true,"href":"https:\/\/oiweb4.com\/pnd-2473\/wp-json\/wp\/v2\/comments?post=161"}],"version-history":[{"count":41,"href":"https:\/\/oiweb4.com\/pnd-2473\/wp-json\/wp\/v2\/pages\/161\/revisions"}],"predecessor-version":[{"id":513,"href":"https:\/\/oiweb4.com\/pnd-2473\/wp-json\/wp\/v2\/pages\/161\/revisions\/513"}],"wp:attachment":[{"href":"https:\/\/oiweb4.com\/pnd-2473\/wp-json\/wp\/v2\/media?parent=161"}],"curies":[{"name":"wp","href":"https:\/\/api.w.org\/{rel}","templated":true}]}}