{"id":60,"date":"2025-05-12T15:34:09","date_gmt":"2025-05-12T18:34:09","guid":{"rendered":"https:\/\/oiweb4.com\/ituvprefeitura\/?page_id=60"},"modified":"2025-05-12T16:29:57","modified_gmt":"2025-05-12T19:29:57","slug":"o-municipio","status":"publish","type":"page","link":"https:\/\/oiweb4.com\/ituvprefeitura\/o-municipio\/","title":{"rendered":"O Munic\u00edpio"},"content":{"rendered":"\t\t<div data-elementor-type=\"wp-page\" data-elementor-id=\"60\" class=\"elementor elementor-60\" data-elementor-post-type=\"page\">\n\t\t\t\t<div class=\"elementor-element elementor-element-70073cb e-flex e-con-boxed e-con e-parent\" data-id=\"70073cb\" data-element_type=\"container\">\n\t\t\t\t\t<div class=\"e-con-inner\">\n\t\t\t\t<div class=\"elementor-element elementor-element-34b7608 elementor-widget elementor-widget-heading\" data-id=\"34b7608\" data-element_type=\"widget\" data-widget_type=\"heading.default\">\n\t\t\t\t<div class=\"elementor-widget-container\">\n\t\t\t\t\t<h3 class=\"elementor-heading-title elementor-size-default\">Hist\u00f3ria<\/h3>\t\t\t\t<\/div>\n\t\t\t\t<\/div>\n\t\t\t\t<div class=\"elementor-element elementor-element-0db2f69 elementor-widget elementor-widget-text-editor\" data-id=\"0db2f69\" data-element_type=\"widget\" data-widget_type=\"text-editor.default\">\n\t\t\t\t<div class=\"elementor-widget-container\">\n\t\t\t\t\t\t\t\t\t<p class=\"\" data-start=\"60\" data-end=\"476\">Ituverava \u00e9 um munic\u00edpio localizado no interior do estado de S\u00e3o Paulo, fundado oficialmente em 1885. Seu nome vem do tupi e significa &#8220;\u00e1gua brilhante&#8221; ou &#8220;rio brilhante&#8221;. A cidade come\u00e7ou a se desenvolver por volta de 1818, quando tropeiros e bandeirantes passaram a ocupar a regi\u00e3o. Inicialmente chamada de Arraial de Nossa Senhora do Carmo, foi elevada a freguesia em 1837 e depois a vila com o nome de Ituverava.<\/p><p class=\"\" data-start=\"478\" data-end=\"750\">Durante o s\u00e9culo XIX, a cidade prosperou com a agricultura, especialmente o cultivo de caf\u00e9, que trouxe desenvolvimento econ\u00f4mico e atraiu imigrantes, principalmente italianos. Mais tarde, a cana-de-a\u00e7\u00facar e a pecu\u00e1ria tamb\u00e9m se tornaram importantes para a economia local.<\/p><p class=\"\" data-start=\"752\" data-end=\"992\">Hoje, Ituverava \u00e9 conhecida por sua forte tradi\u00e7\u00e3o no ensino superior e t\u00e9cnico, com institui\u00e7\u00f5es como a Funda\u00e7\u00e3o Educacional de Ituverava (FE) e o Centro Universit\u00e1rio (FAFRAM), al\u00e9m de manter ra\u00edzes culturais e hist\u00f3ricas bem preservadas.<\/p>\t\t\t\t\t\t\t\t<\/div>\n\t\t\t\t<\/div>\n\t\t\t\t\t<\/div>\n\t\t\t\t<\/div>\n\t\t\t\t<\/div>\n\t\t","protected":false},"excerpt":{"rendered":"<p>Hist\u00f3ria Ituverava \u00e9 um munic\u00edpio localizado no interior do estado de S\u00e3o Paulo, fundado oficialmente em 1885. Seu nome vem do tupi e significa &#8220;\u00e1gua brilhante&#8221; ou &#8220;rio brilhante&#8221;. A cidade come\u00e7ou a se desenvolver por volta de 1818, quando tropeiros e bandeirantes passaram a ocupar a regi\u00e3o. Inicialmente chamada de Arraial de Nossa Senhora [&hellip;]<\/p>\n","protected":false},"author":1,"featured_media":0,"parent":0,"menu_order":0,"comment_status":"closed","ping_status":"closed","template":"","meta":{"footnotes":""},"class_list":["post-60","page","type-page","status-publish","hentry"],"_links":{"self":[{"href":"https:\/\/oiweb4.com\/ituvprefeitura\/wp-json\/wp\/v2\/pages\/60","targetHints":{"allow":["GET"]}}],"collection":[{"href":"https:\/\/oiweb4.com\/ituvprefeitura\/wp-json\/wp\/v2\/pages"}],"about":[{"href":"https:\/\/oiweb4.com\/ituvprefeitura\/wp-json\/wp\/v2\/types\/page"}],"author":[{"embeddable":true,"href":"https:\/\/oiweb4.com\/ituvprefeitura\/wp-json\/wp\/v2\/users\/1"}],"replies":[{"embeddable":true,"href":"https:\/\/oiweb4.com\/ituvprefeitura\/wp-json\/wp\/v2\/comments?post=60"}],"version-history":[{"count":7,"href":"https:\/\/oiweb4.com\/ituvprefeitura\/wp-json\/wp\/v2\/pages\/60\/revisions"}],"predecessor-version":[{"id":118,"href":"https:\/\/oiweb4.com\/ituvprefeitura\/wp-json\/wp\/v2\/pages\/60\/revisions\/118"}],"wp:attachment":[{"href":"https:\/\/oiweb4.com\/ituvprefeitura\/wp-json\/wp\/v2\/media?parent=60"}],"curies":[{"name":"wp","href":"https:\/\/api.w.org\/{rel}","templated":true}]}}

O Município

<div data-elementor-type="wp-page" data-elementor-id="60" class="elementor elementor-60" data-elementor-post-type="page">
				<div class="elementor-element elementor-element-70073cb e-flex e-con-boxed e-con e-parent" data-id="70073cb" data-element_type="container">
					<div class="e-con-inner">
				<div class="elementor-element elementor-element-34b7608 elementor-widget elementor-widget-heading" data-id="34b7608" data-element_type="widget" data-widget_type="heading.default">
				<div class="elementor-widget-container">
					<h3 class="elementor-heading-title elementor-size-default">História</h3>				</div>
				</div>
				<div class="elementor-element elementor-element-0db2f69 elementor-widget elementor-widget-text-editor" data-id="0db2f69" data-element_type="widget" data-widget_type="text-editor.default">
				<div class="elementor-widget-container">
									<p class="" data-start="60" data-end="476">Ituverava é um município localizado no interior do estado de São Paulo, fundado oficialmente em 1885. Seu nome vem do tupi e significa &#8220;água brilhante&#8221; ou &#8220;rio brilhante&#8221;. A cidade começou a se desenvolver por volta de 1818, quando tropeiros e bandeirantes passaram a ocupar a região. Inicialmente chamada de Arraial de Nossa Senhora do Carmo, foi elevada a freguesia em 1837 e depois a vila com o nome de Ituverava.</p><p class="" data-start="478" data-end="750">Durante o século XIX, a cidade prosperou com a agricultura, especialmente o cultivo de café, que trouxe desenvolvimento econômico e atraiu imigrantes, principalmente italianos. Mais tarde, a cana-de-açúcar e a pecuária também se tornaram importantes para a economia local.</p><p class="" data-start="752" data-end="992">Hoje, Ituverava é conhecida por sua forte tradição no ensino superior e técnico, com instituições como a Fundação Educacional de Ituverava (FE) e o Centro Universitário (FAFRAM), além de manter raízes culturais e históricas bem preservadas.</p>								</div>
				</div>
					</div>
				</div>
				</div>

<p>História Ituverava é um município localizado no interior do estado de São Paulo, fundado oficialmente em 1885. Seu nome vem do tupi e significa &#8220;água brilhante&#8221; ou &#8220;rio brilhante&#8221;. A cidade começou a se desenvolver por volta de 1818, quando tropeiros e bandeirantes passaram a ocupar a região. Inicialmente chamada de Arraial de Nossa Senhora [&hellip;]</p>
